 the highest common divisor of w and 3?
3
Let c(y) = 101*y + 614. Let m be c(-6). Let l = 22 + 42. Calculate the greatest common divisor of l and m.
8
Suppose -3*v + 5*m + 34 + 9 = 0, -5*v = -m - 79. Calculate the greatest common divisor of 64 and v.
16
Let h(t) = 3*t**3 + 2*t**2 - 49*t + 144. Let s be h(3). Suppose 5*p = 2*p + 36. What is the greatest common factor of s and p?
12
Suppose -71 + 467 = 9*f. Calculate the greatest common factor of 682 and f.
22
Let w = 7 - 5. Suppose -f = v + 2*v - 23, w*v - 19 = -f. What is the highest common factor of 33 and f?
11
Let t be (-1)/(-2 + 105/55). What is the highest common factor of 11 and t?
11
Suppose 5*h + y - 5785 = -y, -4*h - 3*y + 4628 = 0. What is the greatest common factor of 13 and h?
13
Let w = 127 - 82. Let i be 4 - (-1 - (w + 1)). Suppose -z + 18 = 1. Calculate the greatest common factor of i and z.
17
Suppose -4*h - 4*a = -112, -2*a = -2*h - 0*a + 44. Suppose z + h = 3*v - 68, -126 = -4*v + 2*z. What is the highest common factor of v and 75?
15
Let d(i) = 3*i**2 + 17*i + 157. Let f be d(-7). What is the greatest common divisor of f and 5?
5
Suppose 71 = -24*t + 431. What is the greatest common divisor of t and 195?
15
Suppose -3*i + 7*i - 5136 = 0. Let c be 3 - (-5)/(10/i). Suppose 0 = 5*u - c + 60. What is the highest common factor of u and 13?
13
Let c be (-4744)/(-56) + (-6)/(-21). Let x(v) = 5*v**2 - 3*v + 3. Let b be x(2). Calculate the greatest common factor of c and b.
17
Let h = 1434 - 1269. Calculate the highest common factor of h and 15.
15
Let a be (-22)/(-6) - (-10)/30. Let k = 22 + a. Let y = 247 - -39. Calculate the greatest common factor of k and y.
26
Let s be ((-1)/2)/((-5)/((-800)/(-10))). Calculate the highest common divisor of 6 and s.
2
Suppose 2*n - 5*n = 4*z - 1705, -5*z + 20 = 0. Suppose -6*b + n = 185. What is the greatest common divisor of 36 and b?
9
Suppose -1140 = 7*x + 827. Let q = 511 + x. Suppose 202 + q = 2*i. What is the greatest common factor of 24 and i?
24
Let k be 3*-4*77/(-4)*1. Calculate the greatest common divisor of 21 and k.
21
Suppose -2*k - 105 = 3*k. Let u = k - -29. Suppose -2*i + 3*h + 3 = -3, i + h = u. What is the highest common factor of i and 54?
6
Let v be ((-21)/2)/(1 - 5/20). Let i be (-28)/98 - 200/v. Calculate the highest common divisor of i and 7.
7
Let l be (-2 - -27)*20/25. Let p = -110 - -250. Calculate the highest common factor of l and p.
20
Suppose 3*n = s - 752, -4*s = s + n - 3760. Let t(z) = 2*z**2 - 6. Let g be t(7). Suppose g = -4*b + s. What is the greatest common factor of 15 and b?
15
Suppose 11*y = -2*y + 728. Calculate the greatest common divisor of y and 952.
56
Suppose c - 140 = -3*c. Suppose 70 = 5*j + 5*d, -j - 4*d - c = -4*j. Suppose -4*q + j = -27. Calculate the greatest common divisor of q and 15.
5
Let r(x) = -x + 9. Let l(y) = 1. Let d(n) = 10*l(n) - 2*r(n). Let v be d(6). Suppose -i + 180 = v*i. What is the greatest common factor of i and 90?
18
Let j(m) = -m**2 + 2*m + 1. Let r be j(2). Let x be (-9)/6*r*-6. Suppose d + 4*u = -x, 8 = 4*d + 4*u - 16. What is the greatest common divisor of 99 and d?
11
Suppose 2*m + 41 = -a + 55, m + 3 = 0. What is the greatest common divisor of 85 and a?
5
Let s(v) = -v**3 + 10*v**2 + 12*v - 6. Let a be s(11). Suppose -y = -2*y - a*o + 13, 2*y - 3*o = 65. Calculate the highest common factor of y and 252.
28
Let t = -5 - 1. Let z = -342 + 226. Let q = t - z. Calculate the highest common divisor of 10 and q.
10
Let o be (((-1824)/20)/(-2))/(18/120). What is the greatest common divisor of 16 and o?
16
Let z = 1000 - 705. Calculate the greatest common factor of 5 and z.
5
Let c(s) = s**3 + 8*s**2 + 5*s + 3. Let j be c(-6). Let t = j + -21. What is the greatest common factor of 168 and t?
24
Let w(o) = o**3 - 3*o**2 - 4*o - 2. Let r be w(4). Let n(l) = -20*l - 8. Let u be n(r). Calculate the highest common divisor of 64 and u.
32
Let p(s) = 11*s + 0*s - 6*s + 12*s. Let l be p(4). Suppose n - 4*t - 25 = -0*n, -6 = 3*t. Calculate the highest common factor of l and n.
17
Suppose 105 = 2*r - 331. What is the greatest common factor of r and 1199?
109
Let c(t) = -16*t**3 + t**2 + 6*t + 4. Let s be c(-2). Suppose 9*h - s = 5*h. What is the greatest common divisor of 341 and h?
31
Let c(l) = -l**2 - 14*l + 10. Let h(i) = i + 1. Let q(b) = c(b) - 4*h(b). Let j be q(-18). Calculate the greatest common divisor of 48 and j.
6
Suppose f + 2 = 3*f. Let c = f - -11. Let t(v) = -v**2 + v + 132. Let z be t(0). Calculate the greatest common factor of c and z.
12
Suppose -18*v = 6*v - 264. Calculate the greatest common divisor of v and 297.
11
Suppose 3*t = -2*t + 100. Let y(r) = -r**3 - 5*r**2 + 4*r + 8. Let o be y(-6). What is the highest common divisor of t and o?
20
Let s(v) = -v**3 + 6*v + 288. Let i be s(0). Let g(u) = -4*u**3 - u + 2. Let b be g(-2). Calculate the highest common divisor of i and b.
36
Suppose k - 412 + 295 = 0. Calculate the highest common divisor of 9 and k.
9
Suppose -3*v + 2 = 4*j, -v - j + 11 = 9. Suppose -y + 2*y - 48 = 0. What is the greatest common divisor of v and y?
6
Suppose -77 = 4*n + 5*f, -3*n + 3*f - 2*f - 34 = 0. Let x = n + 10. Let j be -1 - (-3 + 3) - x. What is the greatest common divisor of j and 14?
2
Suppose -9 = 6*z - 45. Let x be -1 + (z - (2 + 1)). Suppose 0 = 3*w - l - 127, 3*w - x*w - 4*l - 46 = 0. What is the greatest common divisor of 42 and w?
42
Let i(n) = -n - 6. Let g be i(2). Let m be (-174)/g - 7/(-28). What is the greatest common divisor of 88 and m?
22
Suppose -1 = 2*d + 5. Let v be ((-12)/16 + d)*-4. What is the greatest common divisor of 6 and v?
3
Let x be 24/(-16) + ((-210)/(-4) - 0). Suppose 261 = 6*h + x. What is the greatest common divisor of h and 7?
7
Let m = 272 + -268. Calculate the greatest common factor of 28 and m.
4
Let r be (-3)/9 - (-14)/6. Let f(x) = -39*x + 275. Let d be f(7). Calculate the highest common factor of d and r.
2
Suppose 9*m - 115 = 4*m. Suppose 2 = -a + m. What is the highest common factor of a and 7?
7
Suppose 2*f + 14*p - 2 = 19*p, 2 = -f + 4*p. What is the highest common divisor of f and 63?
3
Suppose -h + 8 = 4*x, h = -2*x + 17 - 1. Let m be 38*(1*2 - h/16). Let f = 10 - -9. Calculate the highest common factor of f and m.
19
Let t be 10/(-65) - 108/(-26). Suppose -3*f - t*p + 26 = 0, 3*f = -4*p + p + 30. Calculate the greatest common divisor of 4 and f.
2
Let p = -347 - -451. Calculate the highest common divisor of p and 56.
8
Suppose -17*p + 38 + 13 = 0. What is the greatest common divisor of p and 2?
1
Let o(h) = -h**3 + h**2 + h - 1. Let m(a) = -a**3 + 6*a**2 - 9*a - 13. Let i(j) = -m(j) + 3*o(j). Let x be i(-4). What is the highest common factor of x and 6?
6
Suppose 0 = -4*r + 5*r + 3*z - 669, -3*r = -2*z - 2018. Suppose 0 = -6*i - i + r. Calculate the greatest common factor of 16 and i.
16
Let t(w) = 7*w - 16. Let k be t(4). What is the highest common divisor of 324 and k?
12
Suppose -161*v + 5*h = -156*v - 180, v - 36 = -2*h. What is the greatest common divisor of v and 44?
4
Let a = -7 - -17. Let r = 14 - a. Suppose -v - v = 5*i - 4, v + r*i + 4 = 0. What is the greatest common divisor of v and 60?
12
Let w(y) = 2*y**2 - 6*y - 7. Let k be w(5). Suppose h - 14 = v - 0*v, 4*v = 3*h - 60. Let l = v - -31. Calculate the greatest common divisor of k and l.
13
Let w be 8/(4/(-1)) + 1. Let k be -1 + ((-24)/(-1) - (w + 1)). What is the highest common factor of k and 92?
23
Let k(r) = 145*r + 4195. Let y be k(-28). Let x = -11 + 38. Calculate the highest common factor of x and y.
27
Suppose -2*y = -w - 4*w - 76, 3*w + 96 = 3*y. Let r be 33/(y/8 - 2). Let v be 4/(-14) - (-112)/49. Calculate the highest common divisor of v and r.
2
Let k be (-2512 + 10)/(-9) - -2. Calculate the highest common factor of k and 100.
20
Let s be (5 - -8)/((-4)/(-36)). Let x = 5 + 73. What is the greatest common factor of x and s?
39
Suppose 0 = 5*j - 23 - 17. Suppose -6*d = j - 32. Calculate the greatest common factor of d and 44.
4
Suppose 242 = -3*n - 34. Let v = n + 146. Suppose 16 = 4*x - 0*x - 4*t, 0 = 5*t - 10. Calculate the highest common factor of v and x.
6
Suppose -80 = -2*y - 2*y. Suppose 4*b - 2*z = -0*b + 16, -z = -3*b + 13. Calculate the greatest common factor of b and y.
5
Suppose -8 = -u - m, 0 = 2*u 